372 + 1188. What is the units digit of s?
0
Let n(c) = c**3 - 21*c**2 - 27*c + 23. What is the units digit of n(24)?
3
Let s(j) = 13*j**2 + 3*j + 2. Let i be s(3). Suppose 3*w = w - u + 69, -4*w - 4*u = -i. Suppose 3*r - 94 = -w. What is the tens digit of r?
1
Let p = 9 + -4. Suppose 0 = p*z - z - 12. Suppose -z*t + 8*t = 5. What is the units digit of t?
1
What is the tens digit of (-53 - -16)/(-1 + 1/2)?
7
Suppose 3*q + 46 = -23. Let a = 49 - q. What is the units digit of a/(-15)*(-60)/18?
6
What is the tens digit of (3 - 1) + 52 + 557?
1
Suppose -3*b - 162 = -2*v - 6*b, -v = -5*b - 94. Suppose -2*g = -3*g + 4. Suppose 5*y = -g*m + 168, 2*y + 2*m - 6*m = v. What is the tens digit of y?
3
Let n(l) = -l**3 + 5*l**2 - 2*l - 7. Suppose -4*h + 4 = -3*h. Let w be n(h). What is the units digit of w*1/(-2)*-14?
7
Suppose -8648 = -9*t - 2699. What is the tens digit of t?
6
Let y be (84/(-35))/(6/20). Let b(d) = d**3 + 11*d**2 + 12*d - 6. What is the units digit of b(y)?
0
Suppose 0 = 6*b - b + 1300. Let n be (9/15)/((-4)/b). Suppose 0*f + 3*q = f - 5, 3*f = -3*q + n. What is the tens digit of f?
1
Let l(y) = -10*y**3 - 3*y**2 - y - 15. What is the tens digit of l(-3)?
3
Suppose 0*x = 3*x - i + 47, 39 = -x + 5*i. Let k(h) = h**2 + 10*h - 13. What is the units digit of k(x)?
3
Let o(t) = 235*t - 4. What is the tens digit of o(3)?
0
Let n(b) = -b**3 + 9*b**2 - 14*b + 2. Let r be n(7). Suppose r*v - 36 = 58. What is the units digit of v?
7
Suppose 9*j - 857 - 1195 = 0. Let g = -122 + j. What is the tens digit of g?
0
Let h(i) be the third derivative of i**5/60 - i**4/6 - 35*i**3/6 + 31*i**2. What is the units digit of h(13)?
2
What is the hundreds digit of 182 - -11 - (-1 - 2/(-2))?
1
Suppose 5*n + 91 = 626. Suppose -43 = -2*p + n. What is the tens digit of p?
7
Let k = 1336 + -1281. What is the units digit of k?
5
Let h = 582 + -549. What is the tens digit of h?
3
Suppose 9 = -4*p + 25. Let r = p + 101. What is the hundreds digit of r?
1
Let y be 5 - (9 + -1) - -2442. What is the tens digit of ((-2)/6)/((-3)/y)?
7
Let p(h) = -3*h - 12. Let i be p(-5). Suppose r + 4*r - 4*k - 26 = 0, 5*r = i*k + 22. Suppose r*a - 36 = -12. What is the tens digit of a?
1
Let f(h) = h**2 + 24*h. Let a be f(-24). Suppose p = -4*n + 5*p + 136, 5*p - 15 = a. What is the units digit of n?
7
Let z(p) = 17*p - 114. What is the units digit of z(10)?
6
Let t be 4/38 - (-1431)/(-57). Suppose 0*a - 17 = a. Let o = a - t. What is the units digit of o?
8
What is the tens digit of 25103/52 - 2/(-8)?
8
Suppose -3*a - 12 = 0, 4*m + 4*a + 309 = -387. What is the units digit of (3/(-2))/(5/m)?
1
What is the units digit of -38*(-11)/2 + (-5)/(-5)?
0
Let s(j) = -24*j + 125. What is the hundreds digit of s(-27)?
7
Let d(a) = 5*a**2 + 91*a - 176. Let t(s) = -s**2 - 18*s + 35. Let v(l) = 2*d(l) + 11*t(l). Let g = -6 - 9. What is the units digit of v(g)?
8
Let x(o) = 87*o - 480. What is the units digit of x(9)?
3
Suppose -5*n + i = -8*n - 1983, 5*n = -4*i - 3312. What is the tens digit of n/2*(-15)/45?
1
Let l be 312/(-18) - 2/(-6). Suppose -8*n = -3*n - 3*p + 52, -50 = 5*n - 5*p. Let v = n - l. What is the units digit of v?
6
Let u(v) = -v - 12. Let x be u(-9). Let c = 1 - x. Suppose -21 = -f - c. What is the tens digit of f?
1
Let c(s) = 250*s**2 + 14*s - 13. What is the tens digit of c(1)?
5
Let x = 696 + -146. What is the tens digit of x?
5
Suppose 4*c - m + 110 = 0, 4*c = 8*c + 3*m + 118. Let f = -1 - c. What is the tens digit of f?
2
Let b = 9252 - 5114. Suppose 0 = -12*f - 730 + b. What is the units digit of f?
4
Suppose -w = -5*f + f - 906, -2*w + 3*f + 1807 = 0. What is the units digit of w?
2
Suppose -13*w = -15*w - 58. Let b = w + 90. What is the units digit of b?
1
Suppose -27*j + 20346 = -21*j. What is the tens digit of j?
9
Let k(v) = v**2 - 3*v - 2. Let w(t) = 2*t**2 - 3*t - 2. Let b(q) = -5*k(q) + 6*w(q). Let m be b(3). Suppose 3*u - m = u. What is the tens digit of u?
2
Let l(j) = -175*j**2 + 3*j. Let c(t) = -58*t**2 + t. Let z(o) = 8*c(o) - 3*l(o). Let h be z(-1). Suppose 0 = -2*m + h - 26. What is the tens digit of m?
1
Suppose 11 = 15*j - 4. What is the tens digit of (-54)/(-9)*(j + 16)?
0
Let f(g) = g**2 + 8*g - 3. Let j(b) = -b**2 - 5*b - 2. Suppose -5*t - 3*c - 9 = 0, -5*t + 4*c - 25 = -c. Let d be j(t). What is the units digit of f(d)?
5
Suppose 70 = 8*g - 3*g. Let b = g - 14. Suppose -3*w + b = -15. What is the units digit of w?
5
Let b = 2649 - 1399. What is the tens digit of b?
5
Suppose 0 = 2*u - 3*u + 11. Suppose 0 = -2*w + 4*v - 2, 0*w - u = -3*w - v. Suppose -w*t + 50 = -19. What is the units digit of t?
3
Let t = -130 - -133. Suppose 3*d - t*h - h = 580, 2*h - 396 = -2*d. What is the hundreds digit of d?
1
What is the units digit of -22 - -14 - (-3324 + 0)?
6
Let q(h) = -h**2 - 18*h - 11. Let f be q(-17). Let g(b) = 3*b**2 - 9*b + 8. What is the units digit of g(f)?
2
Let y(r) = r + 9. Let b be 3 + (-1)/((-3)/(-30)). Let t be y(b). What is the tens digit of t + 3 + 1 + 13?
1
Let k = 153 - -1601. What is the units digit of k?
4
What is the tens digit of 3*2/(-18) + (-5728)/(-12)?
7
Suppose 5*h - 4*a = 4*h + 3960, 0 = 4*h - 4*a - 15804. What is the tens digit of h?
4
Let t(i) = 4*i + 8*i**2 - 1 - 4 + i - 7*i - i**3. What is the tens digit of t(6)?
5
Let o(t) = 10*t - 3. Let v be o(5). Let z = 66 - v. What is the units digit of z?
9
Let n(v) = v**2 - v - 12. Let h be 44/7 + (-2)/7. What is the units digit of n(h)?
8
Suppose -4*g - 2*b = -26, 0 = 4*b - b - 15. Let w(v) = 2*v**3 - v**2 + 8*v - 3. What is the hundreds digit of w(g)?
1
Let o(y) = 9*y - 126. Let n(q) = 2*q - 25. Let a(i) = 11*n(i) - 2*o(i). What is the units digit of a(9)?
3
Let j(n) = -578*n - 133. What is the units digit of j(-7)?
3
Suppose -44 = -5*a - l, -5*a + a + 39 = -3*l. Suppose -15*v + 18 = -9*v. Suppose -a = -v*g, -3*b + 5*g + 35 = -34. What is the units digit of b?
8
Suppose -3*m = -2*i - 29, 3*m = -4*i + 5 - 0. Suppose -2*g - 5*f = -m*g + 400, -5*f + 356 = 4*g. What is the tens digit of g?
8
Suppose 2*p + x + 0*x - 48 = 0, 2*p - 5*x - 60 = 0. Suppose -2*a + p = -21. Suppose -5*f - 7 = 2*w - a, -3*f - 5*w + 2 = 0. What is the units digit of f?
4
Suppose n + 16 = 5*n. Suppose -5*u - 15 = 0, 3 = n*w + 2*u - 3. Suppose -41 + 119 = w*v. What is the tens digit of v?
2
Suppose 10 = -0*s + 5*s, 5*s - 1195 = -5*q. What is the units digit of q?
7
Let s be 1/(-3)*(-42)/2. Let h be -5 + s + (-12 - 1). Let l = 13 - h. What is the units digit of l?
4
Let q(v) = 984*v**2 - 3*v - 3. Let g be q(-1). Suppose 5*f = 3*k + k - g, 4*f = -3*k + 769. What is the hundreds digit of k?
2
Let f(d) = 3*d - 21. Let w(v) = -4*v + 21. Let u(k) = -3*f(k) - 2*w(k). What is the units digit of u(-24)?
5
Let f be 1*(-1 + 3)*47. Let n = 156 - f. What is the tens digit of n?
6
Let y = -11 - -8. Let v(c) = c**2 + 2. Let u be v(y). Let h = -6 + u. What is the units digit of h?
5
Suppose -5*r + 70 = 4*p, r = 2*r + 2*p - 20. Let u(a) = 4*a**2 + a - 29. Let w be u(3). What is the units digit of 246/w + r/25?
5
Suppose -5*f - 2*r = -1452 - 2780, 0 = 3*f - r - 2548. What is the hundreds digit of f?
8
Let l(y) = 36*y + 688. What is the units digit of l(-12)?
6
Let v(x) = x**3 - 23*x**2 + 27*x - 76. What is the tens digit of v(22)?
3
Let w = 543 - 172. What is the hundreds digit of w?
3
Suppose -5*k - 4*g + 16 = 0, 4*k - g + 6 - 2 = 0. Suppose k = -2*a + w - 1, 3*w = -2*a + 11. Let y(z) = 28*z**2 - z + 1. What is the units digit of y(a)?
8
Let b(o) = -o + 1. Let i(y) = 3*y - 21. Let h(l) = 12*b(l) + i(l). What is the tens digit of h(-3)?
1
Suppose -18 = 4*r + 78. Let z = -1 - r. What is the units digit of z?
3
What is the hundreds digit of (-2 + -333)*(-4 - -3)?
3
What is the thousands digit of (6 - 6) + 4084 + -2?
4
Let c(m) = -56*m + 15. What is the tens digit of c(-8)?
6
Suppose 44 = 2*r + 2*r. Suppose -r - 4 = -3*l. Suppose 2*x + 2*z = 11 + 19, 4*x - 24 = l*z. What is the tens digit of x?
1
Let d be ((2*1)/(-6))/((-25)/225). Suppose -5 + 2 = -p, d*s + 4*p - 189 = 0. What is the units digit of s?
9
Let o be (1 + (-26)/(-4))*-2. What is the units digit of (-342)/o + (-3)/(-15)?
3
Suppose -969 = -5*u - 199. Suppose u = 5*h - 2*k, -4*h + 166 = h + 2*k. What is the units digit of h?
2
Suppose 0 = -u + 3*h + 5358, 7*h + 26808 = 5*u + 10*